{"id":135152,"date":"2018-12-02T19:13:40","date_gmt":"2018-12-02T19:13:40","guid":{"rendered":"https:\/\/atanga.de\/?page_id=135152"},"modified":"2018-12-02T21:10:56","modified_gmt":"2018-12-02T21:10:56","slug":"ecuador-bahia-de-caraquez-2018","status":"publish","type":"page","link":"https:\/\/atanga.de\/?page_id=135152","title":{"rendered":"Ecuador 2018"},"content":{"rendered":"<!-- PMB print buttons is only displayed on a single post\/page URLs--><p><strong>Revierinformationen Ecuador<\/strong><br \/>\nWir haben sechs Monate in Bah\u00eda de Caraquez\/Ecuador an der Mooring gelegen. Diese Informationen geben unsere pers\u00f6nlichen Eindr\u00fccke wieder.<\/p>\n<p><strong>Marina Puerto Amistad<\/strong><br \/>\nBitte in Bah\u00eda keinen klassischen Marina-Service erwarten. Chandler, Segelmacher und sonstige Gewerke, die mit Segelbooten Erfahrung haben, sucht man hier vergeblich. In Manta (ca. drei Stunden mit dem Bus) sieht die Situation etwas besser aus.<br \/>\n<strong><em>Was man in Puerto Amistad bekommt:<\/em><\/strong> gutes Wifi (Empfang auf dem Schiff), (Trink-)Wasser am Steg (wir haben das Wasser in unseren Tank gekippt), Dinghy Dock, Duschen mit schwankender Wassertemperatur. W\u00e4scherei gegen Geb\u00fchr.<\/p>\n<p>Gene (Amerikaner), der Inhaber von <em>Puerto Amistad,<\/em> erteilt gerne Ausk\u00fcnfte und nimmt Segler schon mal im Auto nach Manta mit. Er \u00fcbernimmt auch die Rolle des &#8218;Agenten&#8216; (gegen Geb\u00fchr) beim Einklarieren. Die Bed\u00fcrfnisse von Seglern sind ihm aber weitestgehend fremd.<br \/>\nJuan (spanisch, englisch) arbeitet im B\u00fcro. In Gespr\u00e4chen mit anderen Seglern \u00fcber seine Job-F\u00e4higkeiten f\u00e4llt h\u00e4ufig das Wort &#8217;nutzlos&#8216;.<br \/>\nAriosto (spanisch) ist der gute Geist der Marina und das M\u00e4dchen f\u00fcr alles. Er ist der Lotse (35 USD), den man zur Einfahrt \u00fcber die Barre bestellen kann (siehe <a href=\"http:\/\/www.puertoamistad.com\" target=\"_blank\" rel=\"noopener\">puertoamistad<\/a>).<br \/>\nEr besorgt Gas, Trinkwasser aus Flaschen, Diesel und Benzin. Normalerweise l\u00e4uft dieser recht preiswerte Service \u00fcber die Marina. \u00dcbernimmt Ariosto die Betreuung wird es noch etwas g\u00fcnstiger.<br \/>\nNat\u00fcrlich kann man sich seine Fl\u00fcssigkeiten auch selber besorgen. Allerdings ist die Abgabe von Diesel an Ausl\u00e4nder verboten, da dieser subventioniert ist. Man soll an Tankstellen nur Kleinstmengen bekommen. (Dieselpreis: 0,30 USD\/Liter)<\/p>\n<div class=\"mceTemp\">Kleines Ankerfeld im Rio Chone<a class=\"boxersandswipers\" href=\"https:\/\/atanga.de\/wp-content\/uploads\/2018\/06\/Marina-Amistad-in-Bah\u00eda.jpg\"><img decoding=\"async\" class=\"wp-image-134443 size-full\" src=\"https:\/\/atanga.de\/wp-content\/uploads\/2018\/06\/Marina-Amistad-in-Bah\u00eda.jpg\" alt=\"Marina Amistad in Bah\u00eda de Car\u00e1quez\" width=\"800\" height=\"600\" srcset=\"https:\/\/atanga.de\/wp-content\/uploads\/2018\/06\/Marina-Amistad-in-Bah\u00eda.jpg 800w, https:\/\/atanga.de\/wp-content\/uploads\/2018\/06\/Marina-Amistad-in-Bah\u00eda-300x225.jpg 300w, https:\/\/atanga.de\/wp-content\/uploads\/2018\/06\/Marina-Amistad-in-Bah\u00eda-768x576.jpg 768w, https:\/\/atanga.de\/wp-content\/uploads\/2018\/06\/Marina-Amistad-in-Bah\u00eda-624x468.jpg 624w\" sizes=\"(max-width: 800px) 100vw, 800px\" \/><\/a>Marina Amistad in Bah\u00eda de Car\u00e1quez<\/div>\n<div id=\"attachment_135154\" style=\"width: 810px\" class=\"wp-caption alignnone\"><a class=\"boxersandswipers\" title=\"Dinghy Dock - Tidenhub 2 bis 2,5 Meter\" href=\"https:\/\/atanga.de\/wp-content\/uploads\/2018\/12\/Dinghy-Dock.jpg\"><img decoding=\"async\" aria-describedby=\"caption-attachment-135154\" class=\"wp-image-135154 size-full\" src=\"https:\/\/atanga.de\/wp-content\/uploads\/2018\/12\/Dinghy-Dock.jpg\" alt=\"Dinghy Dock - Tidenhub 2 bis 2,5 Meter\" width=\"800\" height=\"600\" srcset=\"https:\/\/atanga.de\/wp-content\/uploads\/2018\/12\/Dinghy-Dock.jpg 800w, https:\/\/atanga.de\/wp-content\/uploads\/2018\/12\/Dinghy-Dock-300x225.jpg 300w, https:\/\/atanga.de\/wp-content\/uploads\/2018\/12\/Dinghy-Dock-768x576.jpg 768w, https:\/\/atanga.de\/wp-content\/uploads\/2018\/12\/Dinghy-Dock-624x468.jpg 624w\" sizes=\"(max-width: 800px) 100vw, 800px\" \/><\/a><p id=\"caption-attachment-135154\" class=\"wp-caption-text\">Dinghy Dock &#8211; Tidenhub 2 bis 2,5 Meter<\/p><\/div>\n<p><strong>Moorings:<\/strong><br \/>\nEs existieren zwei normale Moorings an denen man sich mit der Tide flussauf-und flussabw\u00e4rts dreht.<br \/>\nAn den anderen Pl\u00e4tzen erh\u00e4lt man eine Bug- und eine Heck-Mooring mit jeweils zwei Leinen. Die Mooringleinen werden zwar von Ariosto kontrolliert, aber wir hatten trotzdem eine gerissene Leine, die sofort getauscht wurde. Wir haben mit gutem Gewissen unser Schiff w\u00e4hrend der Landreisen alleine gelassen. Die Str\u00f6mung betr\u00e4gt bis zu drei Knoten bei einem Tidenhub von mehr als zwei Metern.<\/p>\n<p>Wir w\u00fcrden eine Reservierung der Mooring empfehlen. Die Anzahl ist beschr\u00e4nkt und es lagen mit uns immer sechs bis acht weitere Schiffe im Chone. Durch Vorauskasse haben wir einen Rabatt von 10% als Langzeitlieger erhalten.<\/p>\n<p><a class=\"boxersandswipers\" href=\"https:\/\/atanga.de\/wp-content\/uploads\/2018\/06\/Kleines-Ankerfeld-im-Rio-Chone.jpg\"><img decoding=\"async\" class=\"alignnone wp-image-134463 size-full\" src=\"https:\/\/atanga.de\/wp-content\/uploads\/2018\/06\/Kleines-Ankerfeld-im-Rio-Chone.jpg\" alt=\"Kleines Ankerfeld im Rio Chone\" width=\"800\" height=\"600\" srcset=\"https:\/\/atanga.de\/wp-content\/uploads\/2018\/06\/Kleines-Ankerfeld-im-Rio-Chone.jpg 800w, https:\/\/atanga.de\/wp-content\/uploads\/2018\/06\/Kleines-Ankerfeld-im-Rio-Chone-300x225.jpg 300w, https:\/\/atanga.de\/wp-content\/uploads\/2018\/06\/Kleines-Ankerfeld-im-Rio-Chone-768x576.jpg 768w, https:\/\/atanga.de\/wp-content\/uploads\/2018\/06\/Kleines-Ankerfeld-im-Rio-Chone-624x468.jpg 624w\" sizes=\"(max-width: 800px) 100vw, 800px\" \/><\/a><\/p>\n<p><strong>Einfahrt in den Chone<\/strong>:<br \/>\nEine Einfahrt auf eigene Faust w\u00fcrden wir nicht empfehlen. Ariosto hat uns am Warteplatz abgeholt und als Lotse das Ruder \u00fcbernommen. Man f\u00e4hrt \u00fcberraschend eng an der Brandungsmauer vorbei. Laut Info von <a href=\"http:\/\/www.puertoamistad.com\" target=\"_blank\" rel=\"noopener\">puertoamistad.com<\/a> ist eine Durchfahrt mit mehr als zwei Meter Tiefgang nicht angeraten.<br \/>\nBei unserer Einfahrt (Spring-Tide) war der niedrigste Wasserstand, den wir auf dem Tiefenmesser gesehen haben 2,90 Meter. Wir sind bei hohem Wellengang mit \u00fcber sieben Knoten Geschwindigkeit in den Chone gesurft.<br \/>\nEine Yacht mit zwei Meter Tiefgang hatte trotz Lotse Grundber\u00fchrung. Der Untergrund ist fester Sand, ohne Steine und Felsen, wie man bei Ebbe gut erkennen kann.<\/p>\n<p><strong>Einklarierung<br \/>\n<\/strong>Man bekommt zun\u00e4chst eine Aufenthalts-Genehmigung von 90 Tagen. Diese kann in Porto Viejo um weitere 90 Tage verl\u00e4ngert werden. Wenn man innerhalb der ersten 90 Tage das Land verl\u00e4sst, unterbricht f\u00fcr diesen Zeitraum der Ablauf der 90 Tage. <strong>Achtung!:<\/strong> das gilt nur f\u00fcr die ersten 90 Tage.<br \/>\n<strong><em>Kosten<\/em><\/strong>: Die ersten 90 Tage kosten inklusive Agentengeb\u00fchren ca. 180 USD f\u00fcr 2 Personen, die Verl\u00e4ngerung des Visums kostet ca. 130 USD pro Person. Ausklarieren inklusive Agentengeb\u00fchren betr\u00e4gt ca. 150 USD f\u00fcr zwei Personen.<br \/>\n<strong><em>Zarpe (Inland) f\u00fcr Galapagos<\/em><\/strong>: Diese erh\u00e4lt man vom Port Captain nur, wenn man ein g\u00fcltiges Autografo f\u00fcr Galapagos besitzt.<br \/>\n<strong><em>Zoll und Immigration<\/em><\/strong>: Bis zu sechs Personen kommen an Bord. Manchmal alle gleichzeitig, manchmal in zwei Etappen. Die Offiziellen sind ausgesprochen h\u00f6flich. Eine Menge Fragen sind zu beantworten und eine Menge Papier wird ausgef\u00fcllt. Das einzig Kritische sind abgelaufene Vorr\u00e4te, Rettungswesten, Feuerl\u00f6scher und Rettungsinseln. Dies wird mehr oder weniger intensiv kontrolliert.<br \/>\nKonserven mit \u00fcberschrittenem MHD besser verstecken, diese werden sonst konfisziert. Bei unserer Rettungsinsel haben wir den abgelaufenen Wartungsstempel selber auf &#8218;aktuellen Stand&#8216; gebracht.<\/p>\n<p><strong>Wetter (von Juni bis November)<\/strong><br \/>\n<strong><em>Temperaturen:<\/em><\/strong> Wasser 26 Grad, Luft tags\u00fcber 24 bis 28 Grad, nachts 20 bis 22 Grad. Wenn nachmittags und abends der ablandige Wind bl\u00e4st, ben\u00f6tigt man tats\u00e4chlich eine Jacke und gar eine lange Hose.<br \/>\n<strong><em>Sonne:<\/em><\/strong> Es ist die meiste Zeit bew\u00f6lkt. Zum Teil so stark, dass von grauen Tagen gesprochen werden muss. Das kann auf das Gem\u00fct schlagen. Sonnige Tage gibt es im Schnitt vielleicht ein- zweimal in der Woche, dann auch nur stundenweise. Wer Strom \u00fcber Solar gewinnt, bekommt ein Problem.<br \/>\n<strong><em>Wind<\/em><\/strong>: Ab 11:00 Uhr vormittags bis ca. 18:00\/19:00 Uhr weht ein kr\u00e4ftiger ablandiger Wind. Den Rest des Tages ist nahezu windstill.<br \/>\n<strong><em>Regen:<\/em><\/strong> In sechs Monaten hatten wir dreimal Nieselregen. Ansonsten war es niederschlagsfrei!<br \/>\n<strong>Klima:<\/strong> Nicht sehr schw\u00fcl, angenehme Temperaturen zum Arbeiten, Kochen und Schlafen.<\/p>\n<p><strong>Schmutz und Bewuchs<\/strong><br \/>\nDer anfallende Staub ist nicht zu untersch\u00e4tzen. Durch den fehlenden Regen und den Wind aus dem Ort wird das komplette Schiff mit einer Staubschicht \u00fcberzogen. Leinen, Bimini, Deck, einfach alles ben\u00f6tigt nach l\u00e4ngerem Aufenthalt eine gr\u00fcndliche Reinigung. Der Staub w\u00e4scht sich mit klarem Wasser problemlos ab.<\/p>\n<p>Der Bewuchs im Rio Chone ist enorm. Die Shrimp-Farmen weiter flussaufw\u00e4rts scheinen f\u00fcr gro\u00dfartigen D\u00fcnger zu sorgen. Ariosto umwickelt auf Wunsch die Schraube mit einem Sack, damit diese nicht so stark bew\u00e4chst. Gegen Geb\u00fchr (ca. 40 USD) reinigt er vor der Weiterfahrt gerne den Rumpf. Nat\u00fcrlich kann man auch selber tauchen gehen. Die Sicht ist allerdings mit Null bis 20 cm sehr schlecht. Eine Tauchbasis zum F\u00fcllen von Flaschen existiert in Bah\u00eda nicht.<\/p>\n<p><strong>Einkaufen<\/strong><br \/>\nEs gibt einen wunderbaren Markt zehn Minuten zu Fu\u00df entfernt und ein paar lokale Superm\u00e4rkte. Obst und Gem\u00fcse, Shrimps und Fisch sind extrem preiswert und von hoher Qualit\u00e4t. In einem einzigen Gesch\u00e4ft -direkt neben dem Eingang zur Markthalle- sind Weizen-K\u00f6rner erh\u00e4ltlich.<\/p>\n<div id=\"attachment_134460\" style=\"width: 810px\" class=\"wp-caption alignnone\"><a class=\"boxersandswipers\" href=\"https:\/\/atanga.de\/wp-content\/uploads\/2018\/06\/Erdbeeren-Bohnen-Melonen-Brokkoli-der-Markt-gibt-alles-her.jpg\"><img decoding=\"async\" aria-describedby=\"caption-attachment-134460\" class=\"wp-image-134460 size-full\" src=\"https:\/\/atanga.de\/wp-content\/uploads\/2018\/06\/Erdbeeren-Bohnen-Melonen-Brokkoli-der-Markt-gibt-alles-her.jpg\" alt=\"Erdbeeren, Bohnen, Melonen, Brokkoli, der Markt gibt alles her\" width=\"800\" height=\"600\" srcset=\"https:\/\/atanga.de\/wp-content\/uploads\/2018\/06\/Erdbeeren-Bohnen-Melonen-Brokkoli-der-Markt-gibt-alles-her.jpg 800w, https:\/\/atanga.de\/wp-content\/uploads\/2018\/06\/Erdbeeren-Bohnen-Melonen-Brokkoli-der-Markt-gibt-alles-her-300x225.jpg 300w, https:\/\/atanga.de\/wp-content\/uploads\/2018\/06\/Erdbeeren-Bohnen-Melonen-Brokkoli-der-Markt-gibt-alles-her-768x576.jpg 768w, https:\/\/atanga.de\/wp-content\/uploads\/2018\/06\/Erdbeeren-Bohnen-Melonen-Brokkoli-der-Markt-gibt-alles-her-624x468.jpg 624w\" sizes=\"(max-width: 800px) 100vw, 800px\" \/><\/a><p id=\"caption-attachment-134460\" class=\"wp-caption-text\">Erdbeeren, Bohnen, Melonen, Brokkoli, der Markt gibt alles her<\/p><\/div>\n<p>Richtung Ortsausgang, ebenfalls zehn Minuten zu Fu\u00df, gibt es einen gro\u00dfen Supermarkt &#8218;mi commisariato. Am besten holt man sich vor dem ersten Einkauf eine &#8218;mi comisariato&#8216;-Karte (ein f\u00fcnf-Minuten-Prozedere), dann gibt es auf viele Artikel Sonderpreise. Neben Nahrungsmitteln gibt es auch eine gro\u00dfe Non-Food-Abteilung mit preiswerter Kleidung, Spielzeug, Farben, Plastik-Kram usw.<br \/>\nDer Supermarkt ist recht gut sortiert. Aber f\u00fcr deutsche Geschm\u00e4cker und f\u00fcr die gro\u00dfe Proviantierung Richtung S\u00fcdsee fehlen einige Artikel und Konserven: Spargel, rote Bete, Corned Beef, Speck, K\u00e4se (Parmesan steht drauf, enth\u00e4lt aber ein K\u00e4seprodukt aus Ecuador), Joghurt, Milchreis, schwarzer Tee, gr\u00fcne Bohnen in Dosen und gute Gew\u00fcrzgurken. Vollkornmehl gibt es nur manchmal.<br \/>\nDas Fleischangebot ist recht eint\u00f6nig: Rindfleisch (Gulaschqualit\u00e4t) und Huhn in allen Variationen. Es gibt manchmal Rinderhack, manchmal Schweinefilet, manchmal eine Art ger\u00e4ucherten Kasseler. Auf dem Markt sieht das Fleisch-Angebot nicht viel besser aus.<\/p>\n<p>In Leonidas Plaza, dem Nachbarort von Bah\u00eda (zu Fu\u00df in 30 Minuten zu erreichen, Bus 0,35\u00a0USD pro Fahrt, Taxi 1,50 USD) gibt es montags einen &#8218;Flickenmarkt&#8216; mit Nonfood H\u00e4ndlern. Kleidung, Haushaltsger\u00e4te, Kurzwaren, Stoffe, N\u00e4hnadeln, Plastikgeschirr und P\u00fctt und Pann.<\/p>\n<p><strong>Preise<\/strong><br \/>\nSalami und Schinken gibt es in kleinen Paketen zu hohen Preisen.<br \/>\nBier und Wein sind teurer als in Panama. Importierte Artikel sind im Verh\u00e4ltnis zu lokaler Ware ebenfalls recht teuer. Reis, Bohnen, alle Grundnahrungsmittel, Obst und Gem\u00fcse sind sehr preiswert.<\/p>\n<p><a href=\"https:\/\/atanga.de\/?page_id=7015\">Preisindex f\u00fcr Ecuador<\/a><\/p>\n<p>Der Vergleich, dass Ecuador ein Bunker-Niveau von 99 % erh\u00e4lt, hinkt etwas, da viele Artikel in\u00a0unserem Warenkorb hier nicht erh\u00e4ltlich sind.<\/p>\n<p><strong>Reisen in Ecuador<br \/>\n<\/strong>Das Fortbewegungsmittel der ersten Wahl ist der Bus. Aus jedem Dorf, jeder Stadt kommt man mehrmals t\u00e4glich weiter. Manchmal im 15 Minuten-Takt. Die Busse sind in unterschiedlichen Zust\u00e4nden, die Fahrer fahren meistens anst\u00e4ndig und weniger Kamikaze als in Kolumbien. Eine Stunde Busfahrt kostet in etwa 1,50 USD. In den abgelegenen Regionen gibt es private &#8218;Camisetas&#8216;, die einen f\u00fcr wenig Geld mitnehmen. Manchmal nur auf der Ladefl\u00e4che zwischen Kohlk\u00f6pfen, aber man bleibt nicht am Stra\u00dfenrand stehen.<\/p>\n<p>Busverbindungen haben wir \u00fcber <a href=\"http:\/\/horariodebuses.com\/ES\/ec\/\" target=\"_blank\" rel=\"noopener\">horariodebuses<\/a> und <a href=\"https:\/\/latinbus.com\/\" target=\"_blank\" rel=\"noopener\">latinbus<\/a> gefunden<\/p>\n<p><strong>Tipp: <\/strong>Die Busbahnh\u00f6fe hei\u00dfen \u00fcberall in Ecuador &#8218;Terrestre&#8216;. Bei google einfach &#8218;Terrestre&#8216; plus Wunschort eingeben. In den meisten F\u00e4llen wird man eine Homepage des Busbahnhofs finden. Dort sind alle Buslinien und h\u00e4ufig auch die Abfahrtszeiten aufgef\u00fchrt.<strong><br \/>\n<\/strong>Die Anzahl der Buslinien ist verwirrend. Bei der Suche nach Bussen sind die Einheimischen \u00fcberaus behilflich, einfach in der Unterkunft oder am &#8218;Terrestre&#8216; fragen. Klappt immer!<\/p>\n<p>Ecuador ist ein wundersch\u00f6nes, sicheres Land und wir empfehlen unbedingt, sich das Inland anzuschauen. Viele Mitsegler besuchen von hier aus Peru. Die Fl\u00fcge sind relativ teuer, recht zeitaufw\u00e4ndig und umst\u00e4ndlich, da Bah\u00eda keinen Flughafen hat und man erst nach Quito oder Guayaquil fahren muss. Und es wird dem kleinen Bruder Ecuador nicht gerecht. Wer sich dieses Land nicht anschaut, der verpasst eine Menge.<\/p>\n<p>Unser\u00a0 <a href=\"https:\/\/atanga.de\/?p=135109\" target=\"_blank\" rel=\"noopener\">Rundreise Video Ecuador<\/a><\/p>\n<p>&nbsp;<\/p>\n<div id=\"attachment_134756\" style=\"width: 810px\" class=\"wp-caption alignnone\"><a class=\"boxersandswipers\" href=\"https:\/\/atanga.de\/wp-content\/uploads\/2018\/08\/Cuicotcha-Lagune-mit-den-zwei-Inseln.jpg\"><img decoding=\"async\" aria-describedby=\"caption-attachment-134756\" class=\"wp-image-134756 size-full\" src=\"https:\/\/atanga.de\/wp-content\/uploads\/2018\/08\/Cuicotcha-Lagune-mit-den-zwei-Inseln.jpg\" alt=\"Cuicotcha-Lagune mit den zwei Inseln\" width=\"800\" height=\"536\" srcset=\"https:\/\/atanga.de\/wp-content\/uploads\/2018\/08\/Cuicotcha-Lagune-mit-den-zwei-Inseln.jpg 800w, https:\/\/atanga.de\/wp-content\/uploads\/2018\/08\/Cuicotcha-Lagune-mit-den-zwei-Inseln-300x201.jpg 300w, https:\/\/atanga.de\/wp-content\/uploads\/2018\/08\/Cuicotcha-Lagune-mit-den-zwei-Inseln-768x515.jpg 768w, https:\/\/atanga.de\/wp-content\/uploads\/2018\/08\/Cuicotcha-Lagune-mit-den-zwei-Inseln-624x418.jpg 624w\" sizes=\"(max-width: 800px) 100vw, 800px\" \/><\/a><p id=\"caption-attachment-134756\" class=\"wp-caption-text\">Cuicotcha-Lagune mit den zwei Inseln<\/p><\/div>\n<div id=\"attachment_134736\" style=\"width: 810px\" class=\"wp-caption alignnone\"><a class=\"boxersandswipers\" href=\"https:\/\/atanga.de\/wp-content\/uploads\/2018\/07\/K\u00e4lbchen-Wache.jpg\"><img decoding=\"async\" aria-describedby=\"caption-attachment-134736\" class=\"wp-image-134736 size-full\" src=\"https:\/\/atanga.de\/wp-content\/uploads\/2018\/07\/K\u00e4lbchen-Wache.jpg\" alt=\"K\u00e4lbchen-Wache\" width=\"800\" height=\"450\" srcset=\"https:\/\/atanga.de\/wp-content\/uploads\/2018\/07\/K\u00e4lbchen-Wache.jpg 800w, https:\/\/atanga.de\/wp-content\/uploads\/2018\/07\/K\u00e4lbchen-Wache-300x169.jpg 300w, https:\/\/atanga.de\/wp-content\/uploads\/2018\/07\/K\u00e4lbchen-Wache-768x432.jpg 768w, https:\/\/atanga.de\/wp-content\/uploads\/2018\/07\/K\u00e4lbchen-Wache-624x351.jpg 624w\" sizes=\"(max-width: 800px) 100vw, 800px\" \/><\/a><p id=\"caption-attachment-134736\" class=\"wp-caption-text\">K\u00e4lbchen-Wache<\/p><\/div>\n<p><strong><em>Weiterf\u00fchrende Links:<\/em><\/strong><br \/>\nWir haben zeitgleich mit der &#8218;Taitonga&#8216; in Bah\u00eca gelegen. Christian hat umfangreiche Informationen und seine Eindr\u00fccke zusammen gestellt (englisch): <a href=\"https:\/\/www.taitonga.net\/tipps_und_tricks_und_infos\/_index-tti.html\" target=\"_blank\" rel=\"noopener\">Tipps und Tricks und Infos der SY Taitonga<\/a><\/p>\n<p>2017 hat die SY Gegenwind einige Infos gesammelt (deutsch):<a href=\"https:\/\/sy-gegenwind.de\/2017\/08\/ecuador-kuehle-tropen-und-ein-land-das-viel-abwechslung-bietet\/\" target=\"_blank\" rel=\"noopener\">K\u00fchle Tropen<\/a><\/p>\n<p>&nbsp;<\/p>\n<div class=\"pld-like-dislike-wrap pld-template-1\">\r\n    <div class=\"pld-like-wrap  pld-common-wrap\">\r\n    <a href=\"javascript:void(0)\" class=\"pld-like-trigger pld-like-dislike-trigger  \" title=\"gef\u00e4llt mir\" data-post-id=\"135152\" data-trigger-type=\"like\" data-restriction=\"cookie\" data-already-liked=\"0\">\r\n                        <i class=\"fas fa-thumbs-up\"><\/i>\r\n                <\/a>\r\n    <span class=\"pld-like-count-wrap pld-count-wrap\">1    <\/span>\r\n<\/div><div class=\"pld-dislike-wrap  pld-common-wrap\">\r\n    <a href=\"javascript:void(0)\" class=\"pld-dislike-trigger pld-like-dislike-trigger  \" title=\"doof\" data-post-id=\"135152\" data-trigger-type=\"dislike\" data-restriction=\"cookie\" data-already-liked=\"0\">\r\n                        <i class=\"fas fa-thumbs-down\"><\/i>\r\n                <\/a>\r\n    <span class=\"pld-dislike-count-wrap pld-count-wrap\"><\/span>\r\n<\/div><\/div>","protected":false},"excerpt":{"rendered":"<p>Revierinformationen Ecuador Wir haben sechs Monate in Bah\u00eda de Caraquez\/Ecuador an der Mooring gelegen. Diese Informationen geben unsere pers\u00f6nlichen Eindr\u00fccke wieder. Marina Puerto Amistad Bitte in Bah\u00eda keinen klassischen Marina-Service erwarten. Chandler, Segelmacher und sonstige Gewerke, die mit Segelbooten Erfahrung haben, sucht man hier vergeblich. In Manta (ca. drei Stunden mit dem Bus) sieht die [&hellip;]<\/p>\n","protected":false},"author":4,"featured_media":0,"parent":0,"menu_order":0,"comment_status":"closed","ping_status":"closed","template":"","meta":{"footnotes":""},"class_list":["post-135152","page","type-page","status-publish","hentry"],"_links":{"self":[{"href":"https:\/\/atanga.de\/index.php?rest_route=\/wp\/v2\/pages\/135152","targetHints":{"allow":["GET"]}}],"collection":[{"href":"https:\/\/atanga.de\/index.php?rest_route=\/wp\/v2\/pages"}],"about":[{"href":"https:\/\/atanga.de\/index.php?rest_route=\/wp\/v2\/types\/page"}],"author":[{"embeddable":true,"href":"https:\/\/atanga.de\/index.php?rest_route=\/wp\/v2\/users\/4"}],"replies":[{"embeddable":true,"href":"https:\/\/atanga.de\/index.php?rest_route=%2Fwp%2Fv2%2Fcomments&post=135152"}],"version-history":[{"count":10,"href":"https:\/\/atanga.de\/index.php?rest_route=\/wp\/v2\/pages\/135152\/revisions"}],"predecessor-version":[{"id":135200,"href":"https:\/\/atanga.de\/index.php?rest_route=\/wp\/v2\/pages\/135152\/revisions\/135200"}],"wp:attachment":[{"href":"https:\/\/atanga.de\/index.php?rest_route=%2Fwp%2Fv2%2Fmedia&parent=135152"}],"curies":[{"name":"wp","href":"https:\/\/api.w.org\/{rel}","templated":true}]}}