{"id":135542,"date":"2019-02-24T11:51:51","date_gmt":"2019-02-24T11:51:51","guid":{"rendered":"https:\/\/atanga.de\/?page_id=135542"},"modified":"2019-02-24T11:55:27","modified_gmt":"2019-02-24T11:55:27","slug":"revierinformationen-osterinsel","status":"publish","type":"page","link":"https:\/\/atanga.de\/?page_id=135542","title":{"rendered":"Osterinsel 2019"},"content":{"rendered":"<!-- PMB print buttons is only displayed on a single post\/page URLs--><p>Wir haben acht Wochen vor der Osterinsel geankert (Januar\/Februar 2019). Wir mussten in der Zeit einmal den Ankerplatz wechseln und f\u00fcnfmal war der Hafen gesperrt, so dass wir nicht an Land konnten (zwischen einem und f\u00fcnf Tagen). Wir haben immer angenommen, dass man wegen des Windes in Kombination mit schlechtem Ankergrund h\u00e4ufig nicht an Land kommen kann. Dass es nur an brechender D\u00fcnung liegt, hat uns \u00fcberrascht.<\/p>\n<p><strong>Der Schwell<\/strong><br \/>\nDer ber\u00fcchtigte Schwell ist vorhanden! Jeden Tag vorhanden! Es gibt Tage mit wenig Schaukelei, an anderen Tagen sind uns Gegenst\u00e4nde vom Tisch gerollt und wir mussten den Herd zum Kochen aush\u00e4ngen. Wir haben es trotzdem nicht eine Sekunde bereut, diese unbequemen Pl\u00e4tze auf uns zu nehmen. Rapanui ist eine ganz besondere Insel und jeden Umweg wert.<\/p>\n<p><strong>Ankerpl\u00e4tze<\/strong><br \/>\n<strong>Hanga Roa:<\/strong> Den besten Platz auf Sand ohne Korallen fanden wir auf 27\u00b0 08,76&#8242; S \/ 109\u00b0 26,26&#8242; W. Dort ist es zwar etwas tiefer (22 bis 24 Meter) als weiter n\u00f6rdlich und \u00f6stlich, aber bei Wind aus Norden oder Westen besteht nicht die Gefahr, sich um Korallen zu wickeln. Diese Position deckt sich mit den Angaben vom Anchoring Guide ver\u00f6ffentlicht auf noonside.com. Die dort eingezeichnete Raute mit dem Wort &#8218;Sand&#8216; und dem Ankersymbol halten wir allerdings f\u00fcr einen ungeeigneten Platz.<\/p>\n<p><a href=\"http:\/\/www.brucebalan.com\/migrations\/rapanui\/\" target=\"_blank\" rel=\"noopener noreferrer\">Anchoring Guide<\/a><\/p>\n<p><strong>Vinapu:<\/strong> Nach drei Anker-Versuchen fanden wir eine recht gro\u00dfe Sandfl\u00e4che auf Position: 27\u00b010,48 S \/ 109\u00b023,7 W. Vor den \u00d6ltanks im s\u00fcdlichen Teil der Bucht haben wir nur Korallen und gro\u00dfe Felsen gefunden. Es soll hier zu Verlusten von Ankergeschirren gekommen sein.<\/p>\n<p><strong>Hanga Roa &#8211; Hafen\/Dinghydock<\/strong><br \/>\nDer Hafen von Hanga Roa hat kein richtiges Dinghydock. An der \u00f6stlichen Betonpier macht man zwischen den Fischerbooten fest. Das Heck vom Dinghy wird mit einer Leine an \u00fcber den Hafen gespannten Seilen befestigt. Dies h\u00e4lt das Dinghy im Schwell von der Betonmauer fern.<\/p>\n<div id=\"attachment_135544\" style=\"width: 810px\" class=\"wp-caption alignnone\"><a class=\"boxersandswipers\" title=\"Hafeneinfahrt an einem ruhigen Tag\" href=\"https:\/\/atanga.de\/wp-content\/uploads\/2019\/02\/Hafeneinfahrt-an-einem-ruhigen-Tag.jpg\"><img decoding=\"async\" aria-describedby=\"caption-attachment-135544\" class=\"wp-image-135544 size-full\" src=\"https:\/\/atanga.de\/wp-content\/uploads\/2019\/02\/Hafeneinfahrt-an-einem-ruhigen-Tag.jpg\" alt=\"Hafeneinfahrt an einem ruhigen Tag\" width=\"800\" height=\"600\" srcset=\"https:\/\/atanga.de\/wp-content\/uploads\/2019\/02\/Hafeneinfahrt-an-einem-ruhigen-Tag.jpg 800w, https:\/\/atanga.de\/wp-content\/uploads\/2019\/02\/Hafeneinfahrt-an-einem-ruhigen-Tag-300x225.jpg 300w, https:\/\/atanga.de\/wp-content\/uploads\/2019\/02\/Hafeneinfahrt-an-einem-ruhigen-Tag-768x576.jpg 768w, https:\/\/atanga.de\/wp-content\/uploads\/2019\/02\/Hafeneinfahrt-an-einem-ruhigen-Tag-624x468.jpg 624w\" sizes=\"(max-width: 800px) 100vw, 800px\" \/><\/a><p id=\"caption-attachment-135544\" class=\"wp-caption-text\">Hafeneinfahrt an einem ruhigen Tag<\/p><\/div>\n<p><strong>Gesperrter Hafen<br \/>\n<\/strong>Die Einfahrt mit dem Dinghy ist nicht zu jeder Zeit m\u00f6glich. Dies liegt am Schwell, der sich vor der Einfahrt aufbaut (2 bis 3 Meter sind keine Seltenheit). Selbst bei Windstille und glattgezogener See k\u00f6nnen dort Brecher entstehen.<br \/>\nEine Flagge auf der Mole (nur mit dem Fernglas zu entdecken) zeigt die Sperrung des Hafens an. Zeitweise werden die Segelboote sogar per Funk von der Armada \u00fcber hohen Schwell informiert. Darauf ist leider kein Verlass.<\/p>\n<div id=\"attachment_135543\" style=\"width: 810px\" class=\"wp-caption alignnone\"><a class=\"boxersandswipers\" title=\"Hafen gesperrt Flagge\" href=\"https:\/\/atanga.de\/wp-content\/uploads\/2019\/02\/Hafen-gesperrt-Flagge.jpg\"><img decoding=\"async\" aria-describedby=\"caption-attachment-135543\" class=\"wp-image-135543 size-full\" src=\"https:\/\/atanga.de\/wp-content\/uploads\/2019\/02\/Hafen-gesperrt-Flagge.jpg\" alt=\"&quot;Hafen gesperrt&quot; -Flagge\" width=\"800\" height=\"600\" srcset=\"https:\/\/atanga.de\/wp-content\/uploads\/2019\/02\/Hafen-gesperrt-Flagge.jpg 800w, https:\/\/atanga.de\/wp-content\/uploads\/2019\/02\/Hafen-gesperrt-Flagge-300x225.jpg 300w, https:\/\/atanga.de\/wp-content\/uploads\/2019\/02\/Hafen-gesperrt-Flagge-768x576.jpg 768w, https:\/\/atanga.de\/wp-content\/uploads\/2019\/02\/Hafen-gesperrt-Flagge-624x468.jpg 624w\" sizes=\"(max-width: 800px) 100vw, 800px\" \/><\/a><p id=\"caption-attachment-135543\" class=\"wp-caption-text\">&#8222;Hafen gesperrt&#8220; -Flagge<\/p><\/div>\n<p>Die Einfahrt f\u00fchrt zwischen zwei Felsen durch. Diese liegen ca. 100 Meter auseinander. Rechts und links dieser Felsen steht eigentlich immer eine brechende See. Dort tummeln sich die Wellenreiter. Bei niedriger D\u00fcnung ist die Gasse zwischen den Felsen frei von brechenden Wellen und man kann problemlos in den kleinen Hafen gelangen. Je nach Wellenh\u00f6he und Tidenstand fangen die Wellen dann auch in der Hafeneinfahrt an zu brechen.<\/p>\n<p>Bis zu einer Wellenh\u00f6he von ca. 2,30 bis 2,50 Meter gibt es immer Phasen ohne brechende Wellen. Am besten wartet man so lange am Felsen rechts vor der Hafeneinfahrt bis keine D\u00fcnung mehr unter dem Dinghy durchl\u00e4uft. Dann mit viel Gas hinein. Unter zehn PS am Au\u00dfenborder w\u00fcrden wir von einer Einfahrt abraten. Es besteht die M\u00f6glichkeit sich von Fischern an Land bringen zu lassen. Die Kosten betragen f\u00fcr hin und zur\u00fcck ca. 14 EUR.<\/p>\n<p>Wir haben uns gleich in der zweiten Woche mit dem Dinghy in der Einfahrt \u00fcberschlagen, da wir zu unvorsichtig waren. In der nachfolgenden Zeit haben wir dazu gelernt:<br \/>\na) Wir haben versucht auf der Welle zu surfen. Besser ist es Gas wegzunehmen, wenn die Welle schneller wird und droht einen mitzurei\u00dfen. Sie l\u00e4uft dann unter dem Dinghy durch, jetzt wieder aufs Gas und vor der n\u00e4chsten Welle davon fahren.<br \/>\nb) Nicht auf den Schl\u00e4uchen sitzen bleiben. Sich m\u00f6glichst auf dem Dinghyboden hocken und den Schwerpunkt verlagern<br \/>\nc) Lieber ein paar Runden am Felsen drehen. Irgendwann kommt eine ruhige Phase<br \/>\n<a href=\"https:\/\/atanga.de\/?p=135284\" target=\"_blank\" rel=\"noopener noreferrer\">Ein Dinghy steht Kopf<\/a><\/p>\n<div id=\"attachment_135547\" style=\"width: 810px\" class=\"wp-caption alignnone\"><a class=\"boxersandswipers\" title=\"Wellen in der Hafeneinfahrt\" href=\"https:\/\/atanga.de\/wp-content\/uploads\/2019\/02\/Wellen-in-der-Hafeneinfahrt-.jpg\"><img decoding=\"async\" aria-describedby=\"caption-attachment-135547\" class=\"wp-image-135547 size-full\" src=\"https:\/\/atanga.de\/wp-content\/uploads\/2019\/02\/Wellen-in-der-Hafeneinfahrt-.jpg\" alt=\"Wellen in der Hafeneinfahrt\" width=\"800\" height=\"600\" srcset=\"https:\/\/atanga.de\/wp-content\/uploads\/2019\/02\/Wellen-in-der-Hafeneinfahrt-.jpg 800w, https:\/\/atanga.de\/wp-content\/uploads\/2019\/02\/Wellen-in-der-Hafeneinfahrt--300x225.jpg 300w, https:\/\/atanga.de\/wp-content\/uploads\/2019\/02\/Wellen-in-der-Hafeneinfahrt--768x576.jpg 768w, https:\/\/atanga.de\/wp-content\/uploads\/2019\/02\/Wellen-in-der-Hafeneinfahrt--624x468.jpg 624w\" sizes=\"(max-width: 800px) 100vw, 800px\" \/><\/a><p id=\"caption-attachment-135547\" class=\"wp-caption-text\">Wellen in der Hafeneinfahrt<\/p><\/div>\n<p><strong>Brauchwasser<\/strong><br \/>\nKann man bei den Tauchbasen am Hafen bekommen.<\/p>\n<p><strong>M\u00fcll<\/strong><br \/>\nM\u00fcll wird man in Tonnen an der Stra\u00dfe am Hafen los.<\/p>\n<p><strong>W\u00e4scherei<\/strong><br \/>\nWir haben bei Paula und Leonardo gewaschen. Eine Maschine W\u00e4sche kostet 5.000 Pesos (ca. 6,75 EUR), Trocknen kostet ebenfalls 5.000 Pesos.<br \/>\nDies ist die g\u00fcnstigste W\u00e4scherei, die wir gefunden haben (andere nehmen bis zu 5 EUR\/Kilo). Au\u00dferdem haben die Beiden interessante Geschichten zu erz\u00e4hlen. Leonardo ist Rauf der Osterinsel geboren und war Kameramann in dem Film &#8218;Rapa Nui&#8216; von Kevin Costner.<\/p>\n<div id=\"attachment_135545\" style=\"width: 3310px\" class=\"wp-caption alignnone\"><a class=\"boxersandswipers\" title=\"Hanga Roa\" href=\"https:\/\/atanga.de\/wp-content\/uploads\/2019\/02\/Hanga-Roa.jpg\"><img decoding=\"async\" aria-describedby=\"caption-attachment-135545\" class=\"wp-image-135545 size-full\" src=\"https:\/\/atanga.de\/wp-content\/uploads\/2019\/02\/Hanga-Roa.jpg\" alt=\"Hanga Roa\" width=\"3300\" height=\"2634\" srcset=\"https:\/\/atanga.de\/wp-content\/uploads\/2019\/02\/Hanga-Roa.jpg 3300w, https:\/\/atanga.de\/wp-content\/uploads\/2019\/02\/Hanga-Roa-300x239.jpg 300w, https:\/\/atanga.de\/wp-content\/uploads\/2019\/02\/Hanga-Roa-768x613.jpg 768w, https:\/\/atanga.de\/wp-content\/uploads\/2019\/02\/Hanga-Roa-1038x829.jpg 1038w, https:\/\/atanga.de\/wp-content\/uploads\/2019\/02\/Hanga-Roa-624x498.jpg 624w\" sizes=\"(max-width: 3300px) 100vw, 3300px\" \/><\/a><p id=\"caption-attachment-135545\" class=\"wp-caption-text\">Hanga Roa<\/p><\/div>\n<p><strong>Internet<\/strong><br \/>\nEs gibt ein Internetcafe in Hanga Roa (1,40 EUR f\u00fcr eine Stunde). Das Netz funktioniert leidlich brauchbar. F\u00fcr lokale Sim-Karten sind verschiedene Pakete erh\u00e4ltlich (z.B. 4,5 GB f\u00fcr ca. 11 EUR). Nachts bis ca. 8:00 Uhr morgens sind gro\u00dfe Down- und Uploads problemlos m\u00f6glich. Tags\u00fcber ist es recht \u00fcberlastet und entsprechend lahm. Das Volumen wird fair herunter gez\u00e4hlt.<\/p>\n<p><strong>Einklarierung<br \/>\n<\/strong>Die Armada kommt mit f\u00fcnf Personen an Bord (Immigration, Zoll und Umweltbeauftragter). Die Einklarierung verursacht viel Papier, ist kostenlos und alle Offiziellen sind ausgesprochen freundlich. Schiffe, f\u00fcr die die Osterinsel der erste Hafen in Chile ist, werden gebeten am n\u00e4chsten Tag zur Armada zu kommen (10 Minuten Fu\u00dfweg). Dort ist eine Geb\u00fchr von ca. 10 USD zu entrichten. Pesos sind nicht erw\u00fcnscht.<br \/>\nVielfach liest man, dass immer eine Person an Bord bleiben muss. Diese Anweisung teilt auch die Armada beim Einklarieren aus. In der Realit\u00e4t k\u00fcmmert sich allerdings niemand darum. <strong><br \/>\n<\/strong><\/p>\n<p><strong>Einkaufen<br \/>\n<\/strong>Auf der Hauptstra\u00dfe gibt es eine Menge kleiner Shops und Superm\u00e4rkte. Zus\u00e4tzlich wird Obst und Gem\u00fcse von der Insel und frischer Fisch direkt vom Truck verkauft.<br \/>\nFleisch erh\u00e4lt man tiefgefroren. Es kommt aus Argentinien, Brasilien und Paraguay.<br \/>\nDie Gesch\u00e4fte haben eine ganz gute Auswahl an Obst und Gem\u00fcse, eingeflogen aus Chile. Die Qualit\u00e4t schwankt sehr stark.<br \/>\nIn der Av. Policarpo Toro gibt es den besten Gem\u00fcseh\u00e4ndler. Immer Donnerstag- und Sonntagnachmittag hat er frische Ware.<\/p>\n<p><strong>Preise<br \/>\n<\/strong>Die Preise f\u00fcr Lebensmitteln liegen \u00fcber deutschen Preisen. Da es auf der Osterinsel keine Mehrwertsteuer gibt, sind sie dennoch g\u00fcnstig, bedenkt man die abgeschiedene Lage der Insel. \u00dcberraschend sind die niedrigen Preise f\u00fcr Wein aus Chile.<br \/>\nWer aus Ecuador kommt, kann sich hier mit Wein und Spirituosen f\u00fcr die S\u00fcdsee g\u00fcnstiger eindecken als auf dem Kontinent. Alles andere ist teurer als in Panama und Ecuador.<\/p>\n<p><strong>Ticket Nationalpark<br \/>\n<\/strong>Das Ticket (ca. 72 EUR pro Person) f\u00fcr die Besichtigung der Moai, Krater und Petroglypen sollte in Hanga Roa gekauft werden. Es hat eine G\u00fcltigkeit von 10 Tagen. An allen Sehensw\u00fcrdigkeiten stehen Kioske und das Ticket wird dort abgestempelt. Die 10 Tage beginnen erst mit Erhalt des ersten Stempels zu laufen.<\/p>\n<p><strong>Tapati<br \/>\n<\/strong>Ende Januar\/Anfang Februar findet ein zweiw\u00f6chiges Festival statt. Es ist nicht immer einfach zu den Veranstaltungen zu gelangen, aber es lohnt sich. Ein tolles Fest voll Folklore, Wettk\u00e4mpfen und T\u00e4nzen. Keine Touristenshow, sondern ein Fest von Rapanui f\u00fcr Rapanui.<\/p>\n<div id=\"attachment_135468\" style=\"width: 610px\" class=\"wp-caption alignnone\"><a class=\"boxersandswipers\" href=\"https:\/\/atanga.de\/wp-content\/uploads\/2019\/02\/Ein-echter-Mann-kann-auch-Blumenkranz-tragen.jpg\"><img decoding=\"async\" aria-describedby=\"caption-attachment-135468\" class=\"wp-image-135468 size-full\" src=\"https:\/\/atanga.de\/wp-content\/uploads\/2019\/02\/Ein-echter-Mann-kann-auch-Blumenkranz-tragen.jpg\" alt=\"Ein echter Mann kann auch Blumenkranz tragen\" width=\"600\" height=\"827\" srcset=\"https:\/\/atanga.de\/wp-content\/uploads\/2019\/02\/Ein-echter-Mann-kann-auch-Blumenkranz-tragen.jpg 600w, https:\/\/atanga.de\/wp-content\/uploads\/2019\/02\/Ein-echter-Mann-kann-auch-Blumenkranz-tragen-218x300.jpg 218w\" sizes=\"(max-width: 600px) 100vw, 600px\" \/><\/a><p id=\"caption-attachment-135468\" class=\"wp-caption-text\">Ein echter Mann kann auch Blumenkranz tragen<\/p><\/div>\n<div class=\"pld-like-dislike-wrap pld-template-1\">\r\n    <div class=\"pld-like-wrap  pld-common-wrap\">\r\n    <a href=\"javascript:void(0)\" class=\"pld-like-trigger pld-like-dislike-trigger  \" title=\"gef\u00e4llt mir\" data-post-id=\"135542\" data-trigger-type=\"like\" data-restriction=\"cookie\" data-already-liked=\"0\">\r\n                        <i class=\"fas fa-thumbs-up\"><\/i>\r\n                <\/a>\r\n    <span class=\"pld-like-count-wrap pld-count-wrap\">3    <\/span>\r\n<\/div><div class=\"pld-dislike-wrap  pld-common-wrap\">\r\n    <a href=\"javascript:void(0)\" class=\"pld-dislike-trigger pld-like-dislike-trigger  \" title=\"doof\" data-post-id=\"135542\" data-trigger-type=\"dislike\" data-restriction=\"cookie\" data-already-liked=\"0\">\r\n                        <i class=\"fas fa-thumbs-down\"><\/i>\r\n                <\/a>\r\n    <span class=\"pld-dislike-count-wrap pld-count-wrap\"><\/span>\r\n<\/div><\/div>","protected":false},"excerpt":{"rendered":"<p>Wir haben acht Wochen vor der Osterinsel geankert (Januar\/Februar 2019). Wir mussten in der Zeit einmal den Ankerplatz wechseln und f\u00fcnfmal war der Hafen gesperrt, so dass wir nicht an Land konnten (zwischen einem und f\u00fcnf Tagen). Wir haben immer angenommen, dass man wegen des Windes in Kombination mit schlechtem Ankergrund h\u00e4ufig nicht an Land [&hellip;]<\/p>\n","protected":false},"author":4,"featured_media":0,"parent":4552,"menu_order":0,"comment_status":"closed","ping_status":"closed","template":"","meta":{"footnotes":""},"class_list":["post-135542","page","type-page","status-publish","hentry"],"_links":{"self":[{"href":"https:\/\/atanga.de\/index.php?rest_route=\/wp\/v2\/pages\/135542","targetHints":{"allow":["GET"]}}],"collection":[{"href":"https:\/\/atanga.de\/index.php?rest_route=\/wp\/v2\/pages"}],"about":[{"href":"https:\/\/atanga.de\/index.php?rest_route=\/wp\/v2\/types\/page"}],"author":[{"embeddable":true,"href":"https:\/\/atanga.de\/index.php?rest_route=\/wp\/v2\/users\/4"}],"replies":[{"embeddable":true,"href":"https:\/\/atanga.de\/index.php?rest_route=%2Fwp%2Fv2%2Fcomments&post=135542"}],"version-history":[{"count":4,"href":"https:\/\/atanga.de\/index.php?rest_route=\/wp\/v2\/pages\/135542\/revisions"}],"predecessor-version":[{"id":135550,"href":"https:\/\/atanga.de\/index.php?rest_route=\/wp\/v2\/pages\/135542\/revisions\/135550"}],"up":[{"embeddable":true,"href":"https:\/\/atanga.de\/index.php?rest_route=\/wp\/v2\/pages\/4552"}],"wp:attachment":[{"href":"https:\/\/atanga.de\/index.php?rest_route=%2Fwp%2Fv2%2Fmedia&parent=135542"}],"curies":[{"name":"wp","href":"https:\/\/api.w.org\/{rel}","templated":true}]}}